reatest common divisor of 20 and 200220?
20
Calculate the greatest common factor of 2256547 and 911.
911
What is the highest common divisor of 70 and 198860?
10
Calculate the highest common factor of 29279 and 67.
67
Calculate the greatest common divisor of 55 and 237555.
5
Calculate the highest common divisor of 24 and 17488.
8
What is the highest common factor of 258 and 9747498?
258
Calculate the highest common divisor of 27050 and 9600.
50
Calculate the greatest common factor of 211 and 9667387.
211
What is the greatest common divisor of 18986 and 44?
22
What is the greatest common factor of 376420 and 2900?
580
Calculate the greatest common divisor of 457537 and 452.
113
Calculate the highest common factor of 196 and 5524.
4
What is the greatest common factor of 6390 and 801?
9
Calculate the greatest common divisor of 59588 and 4.
4
Calculate the highest common divisor of 1368 and 11520.
72
Calculate the highest common factor of 33459 and 19.
19
What is the highest common divisor of 6848 and 4601?
107
Calculate the greatest common divisor of 6424 and 72.
8
Calculate the highest common factor of 182 and 19201.
91
What is the highest common factor of 1260672 and 804?
804
Calculate the greatest common divisor of 1963 and 1937.
13
What is the greatest common divisor of 242 and 4834?
2
What is the highest common factor of 1825308 and 108?
108
Calculate the highest common divisor of 70576 and 880.
176
Calculate the greatest common factor of 189 and 319383.
27
What is the greatest common factor of 23358 and 1122?
102
What is the highest common factor of 1504357 and 5228?
1307
Calculate the highest common divisor of 372 and 2663148.
372
Calculate the greatest common divisor of 351510 and 75.
15
What is the greatest common factor of 325 and 96200?
325
Calculate the highest common divisor of 2335 and 583283.
467
What is the highest common divisor of 172680 and 90?
30
What is the highest common factor of 264 and 33561?
33
What is the highest common factor of 8183173 and 5884?
1471
Calculate the highest common divisor of 14 and 6088978.
14
Calculate the greatest common divisor of 3198 and 1105.
13
Calculate the greatest common divisor of 54351 and 13420.
671
Calculate the greatest common divisor of 4228 and 9362.
302
Calculate the highest common divisor of 42120 and 384.
24
What is the highest common factor of 65117 and 52?
13
What is the highest common divisor of 3855 and 1023117?
771
Calculate the highest common divisor of 3800 and 1225.
25
Calculate the greatest common factor of 946628 and 408.
68
Calculate the greatest common divisor of 34104 and 377.
29
Calculate the highest common factor of 108 and 285327.
9
What is the greatest common divisor of 664 and 7802?
166
What is the greatest common divisor of 3504 and 10804?
292
Calculate the greatest common divisor of 469 and 215807.
67
Calculate the highest common factor of 2915 and 1325.
265
Calculate the greatest common factor of 256 and 9072.
16
Calculate the highest common factor of 39425 and 36575.
475
Calculate the greatest common factor of 17056 and 1664.
416
What is the highest common factor of 494401 and 1132?
283
What is the greatest common divisor of 11883 and 106248?
699
Calculate the greatest common factor of 42 and 27153.
21
What is the highest common divisor of 32806 and 8027?
349
Calculate the greatest common factor of 14444 and 2944.
92
Calculate the highest common factor of 47619 and 6864.
429
What is the highest common divisor of 279 and 1890?
9
Calculate the highest common factor of 19614 and 42.
42
Calculate the greatest common factor of 40670 and 332.
166
What is the greatest common factor of 1020 and 1812?
12
Calculate the greatest common divisor of 22911 and 63.
21
Calculate the highest common divisor of 192967 and 51.
17
What is the highest common divisor of 85 and 221153?
17
What is the highest common divisor of 10073 and 2919731?
1439
What is the highest common factor of 48 and 56576?
16
What is the greatest common divisor of 21723 and 6?
3
Calculate the greatest common divisor of 864 and 224802.
54
Calculate the highest common divisor of 286 and 69238.
26
What is the highest common factor of 173408 and 544?
32
What is the greatest common factor of 392 and 1666?
98
Calculate the highest common factor of 169 and 37687.
169
Calculate the highest common divisor of 93 and 533.
1
Calculate the highest common factor of 3544 and 22150.
886
Calculate the highest common factor of 23129 and 3232.
101
Calculate the greatest common factor of 470 and 1060.
10
Calculate the greatest common factor of 7626 and 114513.
123
Calculate the highest common factor of 173000 and 50.
50
Calculate the highest common factor of 1267454 and 2238.
746
What is the greatest common factor of 12 and 898512?
12
Calculate the greatest common divisor of 5995 and 22.
11
Calculate the greatest common factor of 54143 and 29.
29
Calculate the greatest common divisor of 3813979 and 794.
397
What is the highest common divisor of 220 and 103840?
220
What is the highest common factor of 877842 and 126?
126
Calculate the greatest common factor of 570 and 1515.
15
Calculate the highest common divisor of 117386 and 2.
2
What is the highest common factor of 1316 and 155852?
188
Calculate the greatest common factor of 12053 and 1394.
17
What is the greatest common divisor of 572 and 1088?
4
Calculate the greatest common divisor of 79797 and 397.
397
Calculate the greatest common divisor of 106149 and 76807.
863
What is the highest common factor of 203454 and 890?
178
Calculate the greatest common factor of 2619 and 9666.
27
What is the highest common divisor of 33 and 26807?
11
Calculate the greatest common divisor of 3037634 and 12035.
2407
Calculate the highest common factor of 468377 and 13.
13
Calculate the highest common factor of 1645 and 560.
35
What is the highest common divisor of 93 and 4975934?
31
What is the highest common divisor of 6618157 and 91?
91
Calculate the greatest common divisor of 22 and 73469.
11
Calculate the greatest common factor of 4381 and 3731.
13
Calculate the greatest common factor of 4962100 and 286.
286
What is the highest common factor of 190775 and 325?
325
What is the highest common divisor of 2355 and 113511?
471
What is the greatest common factor of 1265 and 55935?
55
Calculate the greatest common divisor of 109886 and 68136.
334
What is the highest common divisor of 492 and 159121?
41
Calculate the greatest common factor of 4 and 3571.
1
What is the highest common divisor of 54960 and 440?
40
Calculate the greatest common factor of 565 and 4859.
113
What is the greatest common divisor of 726 and 5566?
242
Calculate the highest common divisor of 11578 and 42.
14
What is the highest common factor of 56 and 2712?
8
Calculate the greatest common factor of 4720 and 520.
40
What is the highest common divisor of 4329 and 1872?
117
Calculate the highest common factor of 2925 and 1965.
15
Calculate the highest common divisor of 1768 and 178126.
442
What is the highest common factor of 842232 and 152?
152
Calculate the highest common factor of 11414634 and 1023.
1023
Calculate the greatest common factor of 170 and 290870.
170
What is the greatest common factor of 611230 and 190?
190
Calculate the greatest common divisor of 176 and 160831.
11
Calculate the highest common factor of 944 and 117616.
16
What is the greatest common divisor of 33510 and 30?
30
What is the greatest common factor of 1233461 and 19?
19
Calculate the greatest common factor of 38962 and 1806.
14
What is the greatest common divisor of 126 and 57141?
63
Calculate the greatest common divisor of 11352 and 10449.
129
What is the greatest common factor of 1562 and 4147?
11
What is the highest common divisor of 50244 and 23384?
316
Calculate the highest common factor of 324 and 58356.
36
Calculate the greatest common divisor of 1200 and 192.
48
Calculate the highest common divisor of 54786 and 1794.
138
What is the greatest common factor of 85970 and 30?
10
Calculate the greatest common divisor of 3311 and 22274.
301
What is the greatest common factor of 5312360 and 10?
10
Calculate the greatest common factor of 14229 and 90.
9
Calculate the greatest common factor of 46 and 179929.
23
What is the highest common factor of 